 -5) + 1 + -4
3
What is the value of 13 - (-5 - -1 - (-64 - -42))?
-5
9 + -9 - (4 + 2) - (7 + -1)
-12
38 + (-9 - (-15 + 11) - 0 - 1)
32
Calculate 1028 + -1025 + (-1 - (-1 + -20)).
23
Calculate (11 + 19 - 17) + -21.
-8
Evaluate (-13 - (-1 + 6)) + 2.
-16
Evaluate (13 - (5 - -1)) + -3.
4
What is the value of -5 + 6 + (-14 - -17)?
4
Calculate (21 - 1) + -3 + 46 + -56.
7
What is (-24 - 2) + 3 + (6 - -5)?
-12
What is the value of 10 + -1 - (2 + (-2 - -9))?
0
What is 0 + 1 + (54 - 54)?
1
What is the value of -32 - (10 + (1 - (-13 - -39)))?
-17
What is -36 + 41 - (3 + (9 - 3) + -4)?
0
Evaluate -3 + 1 - ((-9 + 3 - 1) + 10).
-5
What is -1 + -9 - (215 - 232)?
7
Evaluate 8 - 18 - 1 - 4.
-15
What is -77 + (82 - 3) + (21 - -1)?
24
Calculate -22 + 12 - (-15 + 1 + 7).
-3
Evaluate -10 + -8 + 11 - -22.
15
Evaluate -19 + 27 - (2 - 0 - -13).
-7
(-4 - (-9 + 11)) + (-4 - 7) - 10
-27
What is the value of (7 - 11) + 19 + -29?
-14
What is -2 - (-26 + 34 + (13 + 3 - 1))?
-25
What is the value of 16 - ((8 - 14) + 21)?
1
Evaluate (-4 - (-4 + -3) - -20) + (-2 - 0).
21
(8 - -6) + -30 - (-15 - -20)
-21
What is the value of -11 - (2 - (-12 + 9 - (-15 - 5)))?
4
Evaluate 20 - 52 - (7 + -9 + 3 + 2).
-35
What is the value of 5 - (-11 - -11 - -12)?
-7
What is the value of -13 + (-1 - -2) + -610 + 642?
20
What is -3 - (-11 + -16 - -20 - (-23 - -1))?
-18
What is 37 + (-6 - 20 - -10)?
21
What is the value of 25 + 4 + -23 + 13?
19
38 - (-25 - (-42 - 0))
21
Calculate 3 + 3 + -11 + (-5 + 2 - -10).
2
What is (23 - (3 + 8 + -9)) + -12?
9
((-5 - -2) + -3 - (-2 + 2)) + -1
-7
Evaluate (-20 - -18 - (-11 + -1)) + -30.
-20
Evaluate 13 + 9 - (0 - -56).
-34
Calculate -42 + (10 - -10) + 0 + -3 + 4.
-21
(2 - ((12 - 0) + -3)) + -15
-22
Calculate 14 + (12 - 17) + -16 + 1.
-6
What is 6 + -11 + (-9 - -13) + 9 + -12?
-4
Evaluate (-75 + 77 - (0 + (-1 - -2))) + 1.
2
What is the value of -13 + -9 - (6 + (5 + -4 - 0))?
-29
What is -13 - (18 - 9 - 24)?
2
What is the value of 7 + -26 + 21 + 4?
6
Calculate -16 - (-6 + -11 + -3).
4
(-11 - -6 - -9) + -12 - (10 + -4)
-14
Evaluate -2 + (-8 - (-3 + 4 + -5 + -2)).
-4
What is the value of (-1 + 7 + -3 - 4) + -11 - 1?
-13
Calculate (296 - 296) + (-1 - 20).
-21
Evaluate 18 + -11 + -5 + 13.
15
What is 9 - ((8 - 5 - 6) + 19)?
-7
What is -4 + (-11 - (11 + -12))?
-14
Calculate 21 + 34 + -47 + -20 + 0.
-12
What is the value of -5 + 9 - -11 - 24?
-9
(10 - 18) + -19 + 11
-16
Calculate -8 + (16 + 3 - 7) + 7.
11
Evaluate 5 + -8 + -7 - (8 + -5 - 23).
10
Evaluate -1 + 32 - (742 - 743).
32
What is the value of 12 - 8 - 31 - (8 - (-5 - -17))?
-23
Evaluate -21 + 17 + (-20 - -15).
-9
0 + (17 - (38 - 23))
2
Evaluate (-15 - -41 - ((-4 - 4) + 4)) + 1.
31
(13 - 2) + -28 + 31 + -20
-6
Evaluate -7 + -12 + 2 + (-67 - -75).
-9
What is the value of 3 + -12 + (4 - -1 - (4 + 2))?
-10
Calculate -210 + 190 + 40 + 1.
21
Calculate 1 + 21 - (-92 + 103).
11
What is the value of -12 - (-2 - (4 + -3))?
-9
Evaluate -39 + 21 + (0 - -4).
-14
(-13 - (-9 + -6 - 6)) + 14
22
Calculate 20 - (11 + -1 + -4).
14
Evaluate 60 - 50 - (-2 - -28) - -2.
-14
Evaluate -15 - (-4 + (-8 + 4 - -5)).
-12
-1 + 4 + (-2 - 1) - (59 - 74)
15
Evaluate (-1 - 13) + -1 + -9 + 3 + 1.
-20
What is the value of 2 - (-7 + (-3 - 2 - -25))?
-11
What is (-47 - -41 - (2 + 0)) + 14?
6
Evaluate (20 - 25) + -7 - -1.
-11
What is -9 + -30 + 22 + 15 + -5?
-7
8 - (-1 + -13) - 40
-18
Calculate 15 + -3 + -22 + -6.
-16
What is -5 + 10 + 29 + (9 - 16 - 1)?
26
What is the value of (6 - -2) + -6 + (7 + -5 - -7)?
11
-117 + 12 + 66 - (-2 + (-1 - 0))
-36
What is -14 - (-4 - (-9 + 22)) - -25?
28
Calculate (2 + 1 - (32 - 21)) + 4.
-4
Evaluate (2 - 4 - (12 - 3)) + -1.
-12
What is 2 - -6 - -1 - (10 - -6)?
-7
Evaluate (9 - 20) + 4 + 15 + (1 - 6).
3
Evaluate 4 + (12 - (-11 - -13 - (1 - 1))).
14
What is the value of 11 + 2 + -7 + -39?
-33
What is -13 + 1 + -7 + (-4 + 21 - 8)?
-10
Evaluate (-14 - (-40 + 12)) + -24 - -30.
20
Calculate -2 + -1 + (7 - (-8 + 9)).
3
Evaluate 4 + -2 + 30 - (44 + -35).
23
Evaluate -10 - (20 + -5 - 7 - 20).
2
What is (32 + -8 - 33) + 1 + (4 - 0)?
-4
Evaluate -1 + -1 + (605 - 577).
26
What is the value of 1 + -7 + (4 - (-2 + 1 - -3))?
-4
Evaluate 1 + (-12 - -16 - (-6 + 2)).
9
0 + -20 + (2 - ((2 - -5) + -11))
-14
What is -14 + 0 - (-54 - -53 - (-6 - -6))?
-13
Calculate -16 + 15 - -8 - (-2 - -16 - 1).
-6
What is 0 + (3 - 2) - (43 + -44)?
2
What is 44 + -48 + 8 + 2 + -1 - -4?
9
-7 + (-4 - (13 + 3 - 13))
-14
Calculate -8 - (2 + -1 - 16).
7
What is -154 - -178 - (0 + 4)?
20
Evaluate 28 - (78 + -78) - (-2 - 1).
31
What is 8 - (2 - -9 - -3 - 12)?
6
Calculate 88 + -28 + -61 + (-2 - (18 + 1)).
-22
-18 + 1 - (-40 + 13)
10
Calculate 8 - 3 - (23 - 11).
-7
Calculate 1 + -7 + 13 - (3 + (-10 - -6)).
8
Calculate 9 - (0 + (3 - -1)).
5
What is -16 - (1 - 7) - -3 - 8?
-15
What is -1 - ((-2 - (-13 + 23)) + 22)?
-11
What is 17 + (82 - 96 - (0 + -10))?
13
397 + -387 + 1 + -2 + 4
13
Evaluate 9 - 22 - (-23 + 9 + -2).
3
What is the value of -42 + -42 + 32 - -29?
-23
-10 + 19 + -11 + 37 - (4 + 4)
27
What is 4 - -12 - (3 + -13 + 13)?
13
Evaluate 1 + 0 - (-23 + 47 - 37).
14
Evaluate 1 - ((41 - 34) + 1 + -3 - 12).
8
What is the value of (1 - 5) + 56 + -70 - (1 - 7)?
-12
Evaluate (-2 - 0) + -7 - 0 - (-40 - -36).
-5
What is the value of (1 - (-1 - 0) - 5) + 4 - 5?
-4
(-16 - -12 - -3 - -37) + -2
34
What is 12 + (3 - (7 + -3) - (36 - 35))?
10
What is 10 - (5 - ((-9 - -7) + -10 - -7))?
0
What is 13 + (4 - 7) + -3 + 1 + -2?
6
Evaluate 7 + -30 - (-5 - (10 + -5)).
-13
Calculate -4 - (-2 + -3) - 16 - (5 - 9).
-11
What is the value of -109 - -48 - (-40 + -4)?
-17
What is the value of 15 + -4 + (1 - 7 - (-6 + -1))?
12
Calculate 11 - ((-15 - -9) + 17).
0
What is the value of (-20 + 23 - -14) + 2?
19
What is 6 + -9 - (-14 - -5 - -5)?
1
Calculate (49 + -16 - 79) + 42.
-4
What is the value of -8 - (2 - -3 - (37 - 19))?
5
191 + -159 + (-2 - (2 - 1))
29
What is the value of 12 + -5 + (-19 - -30) - (4 + 2)?
12
-1 + -11 + 10 - (7 - 15)
6
What is -61 + 4 + 27 + 21?
-9
Evaluate (0 - -7) + (-2 - (10 - (-13 + 25))).
7
Calculate -3 + -26 + 3 + 11.
-15
Calculate 8 - (9 + -4 + 20 + -13).
-4
Calculate -69 + 66 - (2 - (2 + 6)).
3
7 + -9 + -3 + 9 + -5
-1
What is (1 - 11) + (-4 + 10 - 3) + -5?
-12
Evaluate 5 - (-30 + 6 + 39).
-10
(11 + -17 - (-16 + 1)) + 7
16
Evaluate 24 - ((-24 - -65) + -13).
-4
What is the value of -89 + 98 + -20 + -4?
-15
(-1 - 13) + 0 - (71 + -30 + -46)
-9
Calculate -5 - (-434 - -440 - (23 + (-2 - 0))).
10
Evaluate -1 + (3 + 0 + -3 - -8) + -10.
-3
What is -35 - -3 - (1 + -10 + -56 + 65)?
-32
(8 - 1) + 24 + -25
6
What is the value of (-68 - -66) + 1 + 1 + -8?
-8
-8 + (1 - 14 - -30)
9
Calculate 7 - (19 - (-2 - (3 - 3) - -10)).
-4
Evaluate (2 - (10 + 4 + -9)) + 5.
2
Evaluate (-13 - (-10 - 1 - 0)) + 16.
14
14 + (-2 + 1 - (-35 + 39)) + 2
11
-1 + (-1 - (-5 - (14 + -25)))
-8
Calculate -164 + 164 - (-13 + 1).
12
Calculate (0 - -1 - (-18 + 27)) + 5.
-3
What is the value of (14 - 23) + 8 - -7 - 11?
-5
-31 + (19 - (-3 + 13)) + -6
-28
-1 - (18 - 6) - -13
0
4 + 3 + (-49 - -24)
-18
What is -2 - 89 - -82 - (-28 - 1)?
20
What is 11 + (7 - ((11 - 8) + 6))?
9
Calculate -3 + 1 + (0 - 9 - -9).
-2
Calculate 35 + 3 + -12 + (-6 - (2 - 2)).
20
What is the value of 7 + -10 - (-3 - 1) - (-118 + 128)?
-9
What is the value of 2 - -4 - (-4 + -2 + 10)?
2
Evaluate -17 + (-1 - -3) - (-141 + 136).
-10
Evaluate 14 + (3 - (6 - (1 + -1 + 1))).
12
(13 - 16 - -7) + 7
11
What is the value of -49 + 42 + (-9 - -7) - 22?
-31
Evaluate -11 - ((-9 - -7) + 16 + -10).
-15
2 - ((-3 - -1) + -7 + -21 + 33)
-1
(14 - 1) + (-6 + 0 - -5)
12
Evaluate (-27 - -35 - (8 - 1)) + -4 + -8.
-11
Calculate 143 + -151 - (1 - -27).
-36
Calculate -1 - -12 - (17 + -2) - 6.
-10
What is -3 + -3 + -17 + -9 + 46?
14
Evaluate 3 - (4 + -25 + 3 + 6).
15
Calculate -4 + (-4 - (-8 + -2)) + 2.
4
What is -495 + 472 + (4 - 0)?
-19
What is the value of (-8 - 0) + (14 - 13) + (2 - 2)?
-7
4 + 13 + (2 - (2 + (-4 - -8)))
13
What is the value of (3 - 3 - 7) + (-66 - -82)?
9
What is 20 + -2 + (0 + 4 - (17 - 13))?
18
0 + -14 + (-68 - (7 + -79))
-10
-16 - (-12 + -3) - (0 + -6) - 22
-17
What is the value of -1 + -3 - (-13 - (-18 - -1))?
-8
Evaluate 26 + 10 + -27 - -7.
16
What is 25 + -13 + (3 - 0)?
15
6 - (-8 + (-5 + 10 - -10))
-1
What is (-7 - (-3 + -1)) + 8 + -1